s 230930837 composite?
True
Is 51681543 composite?
True
Is 19753233 composite?
True
Is 897671 a composite number?
False
Is 28518043 prime?
True
Is 1616077 a composite number?
False
Is 15298351 a prime number?
False
Is 1067393 composite?
True
Is 233148089 prime?
True
Is 12547789 composite?
False
Is 17840101 composite?
True
Is 9743557 a prime number?
False
Is 183143 prime?
False
Is 13189721 a composite number?
False
Is 6357469 a composite number?
True
Is 593938 composite?
True
Is 28701901 composite?
True
Is 62675621 composite?
True
Is 11188479 prime?
False
Is 49262457 a prime number?
False
Is 1003679 composite?
False
Is 1626589 a prime number?
True
Is 572902051 composite?
True
Is 79532611 composite?
False
Is 59055427 prime?
True
Is 6116183 a prime number?
False
Is 49549783 prime?
False
Is 116070799 composite?
True
Is 2363407 a composite number?
True
Is 175679801 composite?
True
Is 198719 a composite number?
False
Is 24577601 a composite number?
True
Is 415795531 prime?
True
Is 24080321 a composite number?
False
Is 8048779 prime?
True
Is 1074103 prime?
False
Is 544218167 a composite number?
False
Is 332015677 a composite number?
True
Is 20784811 prime?
False
Is 328170043 a composite number?
False
Is 92688113 a prime number?
False
Is 522601 a prime number?
True
Is 245797721 prime?
False
Is 1165961 a composite number?
True
Is 26760831 a prime number?
False
Is 1512443 prime?
False
Is 13572589 a prime number?
False
Is 1953013 composite?
False
Is 1366349 a composite number?
False
Is 14359259 a composite number?
True
Is 43982441 composite?
True
Is 11518547 a prime number?
True
Is 3258007 a prime number?
False
Is 58933 prime?
False
Is 3142039 a composite number?
True
Is 4772081 prime?
False
Is 682439 composite?
False
Is 18353393 a prime number?
True
Is 838623 composite?
True
Is 156761677 a composite number?
False
Is 46112093 prime?
True
Is 359773 composite?
True
Is 145772569 composite?
True
Is 17449217 prime?
True
Is 6106319 a composite number?
False
Is 1657559 prime?
False
Is 187206521 prime?
True
Is 1042921 a prime number?
False
Is 20203563 prime?
False
Is 2132280451 composite?
True
Is 265433921 a composite number?
False
Is 38313983 prime?
True
Is 14907463 a prime number?
True
Is 1461245 prime?
False
Is 2054317 composite?
False
Is 23395091 composite?
False
Is 13291 a prime number?
True
Is 71714393 a prime number?
True
Is 31365931 a prime number?
False
Is 3483607 a composite number?
False
Is 12512635 composite?
True
Is 29972833 prime?
False
Is 55644227 prime?
True
Is 44234881 prime?
False
Is 57619 prime?
False
Is 6880963 prime?
True
Is 869039 a composite number?
False
Is 1078771 a prime number?
False
Is 18473773 a composite number?
True
Is 8749163 a prime number?
True
Is 12241199 prime?
False
Is 11390201 composite?
True
Is 329711 a composite number?
False
Is 53643 prime?
False
Is 625402 a prime number?
False
Is 5516231 prime?
False
Is 201298829 composite?
True
Is 412132769 prime?
False
Is 102021902 prime?
False
Is 842713 a prime number?
False
Is 1291527967 composite?
False
Is 517571 a composite number?
False
Is 1116223 prime?
True
Is 7638419 composite?
True
Is 38402459 prime?
False
Is 372985 a prime number?
False
Is 117134219 a prime number?
False
Is 745301 a composite number?
False
Is 5052737 prime?
True
Is 10054313 a composite number?
False
Is 1863151 prime?
True
Is 207487069 composite?
False
Is 146117 composite?
False
Is 787747 a composite number?
False
Is 16665881 composite?
False
Is 33249077 prime?
False
Is 3713027 composite?
False
Is 519760747 prime?
False
Is 5936813 a prime number?
True
Is 2944843 a prime number?
False
Is 92693827 a composite number?
False
Is 3840059 prime?
True
Is 19515631 composite?
True
Is 138992843 composite?
True
Is 195282319 prime?
True
Is 121358033 prime?
True
Is 4452761 a composite number?
False
Is 3727798 prime?
False
Is 255058501 prime?
False
Is 890704203 composite?
True
Is 55454363 a prime number?
False
Is 7196779 composite?
True
Is 3623003 prime?
False
Is 304211881 a prime number?
False
Is 27510551 a composite number?
True
Is 87508283 prime?
False
Is 20267101 prime?
True
Is 9449659 a composite number?
True
Is 901609 prime?
False
Is 1735997 a prime number?
True
Is 285899 a composite number?
True
Is 22977347 a prime number?
True
Is 2518993 composite?
True
Is 151121 a prime number?
True
Is 155781569 a prime number?
True
Is 37866523 composite?
True
Is 54028781 a prime number?
True
Is 398595101 prime?
True
Is 98722783 a composite number?
False
Is 1159469 a composite number?
True
Is 14342785 a prime number?
False
Is 1536917 prime?
False
Is 2696149 composite?
True
Is 712162081 a prime number?
False
Is 85602707 composite?
False
Is 15023399 prime?
False
Is 42209263 a prime number?
False
Is 26230213 composite?
False
Is 4938443 prime?
True
Is 7803799 composite?
True
Is 276832601 prime?
False
Is 11742295 a prime number?
False
Is 1948379 a prime number?
False
Is 6637811 a prime number?
True
Is 2851813 a prime number?
True
Is 234342853 composite?
False
Is 1388737 composite?
True
Is 101410691 a prime number?
False
Is 213588913 a composite number?
False
Is 939089 composite?
False
Is 349573051 a prime number?
True
Is 33389699 a composite number?
True
Is 342363029 a prime number?
True
Is 775979581 a prime number?
False
Is 166888151 a prime number?
True
Is 817633 a prime number?
False
Is 147691879 prime?
True
Is 808763 a composite number?
True
Is 188411669 prime?
True
Is 64749007 a composite number?
True
Is 374879 prime?
True
Is 268806899 a prime number?
False
Is 3884977 a prime number?
True
Is 176963161 a composite number?
False
Is 513340529 prime?
False
Is 153503323 a composite number?
False
Is 440938 prime?
False
Is 70007891 a prime number?
True
Is 36833326 a composite number?
True
Is 164579227 a composite number?
True
Is 109824401 composite?
False
Is 304442345 a prime number?
False
Is 430903273 composite?
True
Is 5890267 prime?
True
Is 206936551 a prime number?
False
Is 52829839 prime?
False
Is 10293805 prime?
False
Is 21439783 prime?
True
Is 19042259 a composite number?
False
Is 65563571 a composite number?
False
Is 567720233 a composite number?
False
Is 229265 prime?
False
Is 1264139 prime?
False
Is 263270531 a prime number?
True
Is 134902103 a prime number?
False
Is 14810489 composite?
False
Is 11576753 prime?
True
Is 2023693 a composite number?
True
Is 22574797 composite?
True
Is 25692137 a composite number?
True
Is 41267923 composite?
False
Is 1366600502 a composite number?
True
Is 2183931053 composite?
False
Is 2847521 composite?
False
Is 750173 a prime number?
True
Is 32524885 prime?
False
Is 7601921 a prime number?
False
Is 2846527 a composite number?
False
Is 143947 composite?
False
Is 1049912753 a prime number?
True
Is 2068397 composite?
True
Is 5383709 prime?
False
Is 11234845 a composite number?
True
Is 2866661 prime?
False
Is 8853721 composite?
True
Is 1168415 composite?
True
Is 2659945 prime?
False
Is 18392789 composite?
False
Is 99563669 prime?
False
Is 13007695 composite?
True
Is 3059137 prime?
True
Is 1878353 a prime number?
True
Is 16412507 a prime number?
True
Is 7620461 composite?
False
Is 4018933 prime?
False
Is 6968303 prime?
True
Is 132327766 a prime number?
False
Is 55380287 a prime number?
True
Is 941197 a composite number?
True
Is 3833797 prime?
False
Is 12919717 prime?
True
Is 25775359 a composite number?
False
Is 109731665 prime?
False
Is 395107 composite?
False
Is 104371271 prime?
True
Is 154515971 prime?
False
Is 4395617 composite?
True
Is 45749681 prime?
True
Is 14806481 a composite number?
True
Is 1820471 a prime number?
True
Is 293709769 a prime number?
True
Is 7546207 composite?
False
Is 151056457 a prime number?
False
Is 541474499 a prime number?
True
Is 21734618 prime?
False
Is 11616983 a prime number?
False
Is 7813613 a composite number?
False
Is 30365599 composite?
True
Is 37665989 composite?
False
Is 83046623 a composite number?
True
Is 1647083 a composite number?
False
Is 2769847 prime?
False
Is 46019 prime?
False
Is 11826937 a prime number?
False
Is 182692297 composite?
True
Is 137825713 a prime number?
False
Is 2470397 a composite number?
False
Is 12151023 prime?
False
Is 236544251 a prime number?
True
Is 147349 a prime number?
False
Is 77681335 a prime number?
False
Is 3694841 composi